alculate the highest common factor of 119 and d.
17
Let g = 41 - 23. What is the greatest common factor of 12 and g?
6
Let f(i) = i**3 - 6*i**2 + 4*i - 6. Let n be f(6). Calculate the highest common factor of 6 and n.
6
Suppose -r - 3*v + 126 = v, 395 = 3*r - 5*v. Calculate the highest common factor of 52 and r.
26
Suppose 0*h - 170 = -4*i - h, 4*i - 174 = -3*h. Suppose 2*v = 2*j + j - i, 70 = 5*j - 2*v. Let k = 30 - j. Calculate the highest common divisor of 48 and k.
16
Let y be (-1 - -4) + (0 - -1). Suppose y + 1 = n. Suppose n*w - w + g - 386 = 0, 2 = g. What is the highest common divisor of w and 12?
12
Suppose -9*u - u + 2080 = 0. What is the highest common divisor of u and 26?
26
Let t(h) = -2*h - 2. Let u be t(-6). Let s be 196/20 + 1 - 16/20. What is the greatest common factor of s and u?
10
Let y(s) = -s**2 - s + 108. Let v be y(0). Calculate the greatest common factor of v and 18.
18
Let r = 60 - 30. Let p(v) = -21*v - 120. Let q be p(-10). Calculate the greatest common divisor of q and r.
30
Suppose 5*o - 19 = 11. Suppose -o*w + w = -720. Calculate the greatest common divisor of 16 and w.
16
Suppose 3*l - 141 = -5*j + 127, 3*j = -3*l + 258. Let n be 18*((-27)/(-6))/3. What is the greatest common factor of n and l?
27
Suppose 0 = -5*u + 25, -u + 19 - 5 = o. Let w(y) = y**2 - 4*y - 3. Let c be w(-2). Calculate the greatest common divisor of o and c.
9
Suppose 2*q - 3*q = -6. Let w be 3 - (-2 + 2/2). Calculate the greatest common factor of q and w.
2
Suppose -3*a + 8 + 16 = 0. Calculate the highest common factor of a and 32.
8
Let z(o) = 7*o**3 + 2*o**2 - 5*o + 4. Let v be z(1). What is the greatest common divisor of v and 20?
4
Let d be (-861)/(-14)*(0 - -2). What is the highest common factor of d and 82?
41
Let w(t) = -35*t. Let c(v) = 17*v. Let g(z) = 5*c(z) + 2*w(z). Let o be g(1). Calculate the greatest common divisor of 75 and o.
15
Let h be (-3)/(1 + (2 - 4)). Suppose -5*k = -5*a + 5, 4*a - h*k - 9 = -a. Let r be 65/7 + 14/(-49). What is the greatest common factor of a and r?
3
Suppose l + 3*l = -164. Let c = l + 59. Let y be (-8)/(-16)*(c + 0). What is the highest common factor of y and 18?
9
Suppose 3*j - 75 = -7*o + 2*o, -110 = -5*o + 4*j. Calculate the highest common factor of 6 and o.
6
Suppose 5*m - 18 = -3. Let c be (-6)/(-3)*-2 + 0. Let f be 3 + (c - 6/(-3)). What is the highest common divisor of f and m?
1
Suppose -34 = 4*i - 362. Suppose -18 = 4*c - i. What is the greatest common factor of c and 16?
16
Suppose 350 = 5*m + 3*n - 8*n, 0 = m - 5*n - 86. Calculate the greatest common factor of m and 6.
6
Suppose 3*y - 25 = -5*x, -4*x + 8*x = y + 3. What is the highest common factor of x and 1?
1
Let r be 1*64 - (-9 + 7). Suppose q - r - 66 = 0. Let v = 20 + -8. What is the highest common factor of v and q?
12
Let l be 4 + 3 - (-3)/(-1). Let h(p) = p**2 - p - 2. Let m be h(l). What is the highest common factor of 110 and m?
10
Let b(j) = j**2 - 5*j - 1. Let q be b(5). Let s = 3 + q. Suppose s*d + 90 = 5*d. Calculate the highest common divisor of 6 and d.
6
Let x(w) = -w**3 - 9*w**2 - 11*w - 6. Let g be x(-9). Suppose -3*b - 45 = -h, -5*h + b + 118 = -g. Calculate the greatest common factor of 6 and h.
6
Let q be 492/27 - 2/9. Let w be (-25)/(-2) - q/12. What is the highest common factor of 88 and w?
11
Suppose -2*o - 8 = -3*o. What is the greatest common divisor of 56 and o?
8
Suppose 0 = 6*s - 4*s - 2. Let g be (-90)/(-12) - s/2. Calculate the greatest common factor of g and 49.
7
Let x be -9*(-2 + 1)*1. What is the greatest common divisor of x and 63?
9
Let b(x) = -2*x**2 + 5*x - 5. Let i be b(6). Let h = 33 - i. What is the greatest common factor of h and 16?
16
Suppose -2*x - 5*q - 35 = -4*x, 48 = 3*x - 3*q. Calculate the greatest common divisor of x and 20.
5
Let f be (1/1)/((-2)/(-34)). Let g = 8 + f. Calculate the greatest common divisor of 25 and g.
25
Suppose 0*n + 29 = 3*d - n, -2*n + 19 = d. Calculate the greatest common divisor of d and 1.
1
Let c = 9 - 8. Let q(m) = -m**2 - 5*m + 3. Let z be q(-5). Let x be (-20)/(-8)*(c + z). Calculate the highest common divisor of 4 and x.
2
Let y = 51 + 45. Calculate the highest common divisor of 12 and y.
12
Let a(n) = -n**2 + 6*n - 4. Suppose 4*l + 27 = 5*q, 16 = 2*q - 0*q + l. Let r be a(q). Let h = 19 - r. Calculate the greatest common divisor of 75 and h.
15
Let j = 8 + 9. Calculate the highest common divisor of 153 and j.
17
Let f = -17 + 24. Calculate the greatest common divisor of 1 and f.
1
Let f = -22 + 30. Calculate the greatest common factor of 1 and f.
1
Suppose -485 = -4*t - 49. Let b be (2 + -1)/(-1) + t. Let y(z) = -z**3 - 4*z**2 + 3*z + 2. Let x be y(-5). What is the highest common divisor of b and x?
12
Let o = 98 + 13. Suppose -3*v + 9 = -o. Calculate the highest common factor of 5 and v.
5
Let v be 1764/22 - 2/11. Calculate the highest common divisor of 32 and v.
16
Let o = 27 - 9. What is the highest common divisor of o and 18?
18
Let m = 57 + -46. Suppose 2*g + 196 = -4*q, -460 = 5*g - 6*q + q. Let a = -61 - g. What is the highest common factor of a and m?
11
Let w(k) = 3*k**3 - k**2 + 1. Let t be w(1). Let u = t + -1. Suppose 2*y = -s - u*y + 26, 5*s = 2*y + 20. What is the greatest common factor of s and 30?
6
Let k(r) = -r**3 + 6*r**2 - 7. Let u be k(5). What is the greatest common divisor of 162 and u?
18
Let y be 288/(-20) - (-4)/10. Let d = 7 - y. What is the greatest common factor of 7 and d?
7
Let x = 21 + -3. Let j = -21 + 26. Suppose 2*i = -5*t + 11 + 17, -j*t + i = -31. What is the greatest common factor of x and t?
6
Let z(x) = x**3 + 10*x**2 + 9*x - 8. Let w be z(-9). Let s be w/(-3)*12/8. Calculate the highest common divisor of 16 and s.
4
Let v be (0*(-2)/(-6))/(-2). Suppose v*y + 10 = y. Suppose -o = 2*o - 330. Calculate the greatest common divisor of y and o.
10
Suppose -4*a + u = -176, 56 - 12 = a - 2*u. Calculate the greatest common divisor of a and 22.
22
Let i = 12 - 6. Let a be 418/7 + i/21. What is the highest common divisor of 12 and a?
12
Let n be (-5)/3 + (-4)/(-6). Let m be -1*2 + (n - -123). Let u = 48 - 33. Calculate the highest common divisor of m and u.
15
Suppose 2*n - 47 = -3*t, -4*t - 3*n + 79 = t. What is the greatest common factor of 51 and t?
17
Suppose 0 = -10*d + 4*d + 96. What is the greatest common factor of 8 and d?
8
Let u be (-1)/((-4)/508*-1). Let j = -91 - u. What is the highest common divisor of 12 and j?
12
Let b(r) = r**2 + 2 + 3 + 0. Let z be b(-4). Let a = 33 - z. Calculate the greatest common divisor of 12 and a.
12
Suppose n - 4 = 4. What is the greatest common divisor of n and 88?
8
Suppose -4*r - 9 = -5*b, 0 = r - 0*b + 4*b - 24. Let l = 5 - r. What is the highest common factor of 2 and l?
1
Let s = 124 + -82. Calculate the highest common divisor of 98 and s.
14
Suppose 4*k + 1 = -11. Suppose -3*m - w = -0*w + 49, 0 = -4*m + 5*w - 40. Let z = k - m. What is the highest common factor of 96 and z?
12
Let i(h) = 4*h - 4. Let k be i(4). Calculate the highest common factor of 30 and k.
6
Let v(o) = 77*o**3 + o**2 - 1. Let x be v(1). What is the greatest common divisor of 7 and x?
7
Suppose 0 = 4*g + 3 - 35. Suppose 1 - g = -f. Calculate the highest common divisor of f and 7.
7
Let f = -5 - 1. Let c be 1/f + 52/24. Suppose -5*b + q + 56 = 0, 0 = -2*b - q + 17 + 11. What is the highest common divisor of b and c?
2
Suppose 4*j + 20 = -0. Let d(l) be the second derivative of l**4/3 + 2*l**3/3 - 5*l**2/2 + l. Let o be d(j). What is the highest common factor of 30 and o?
15
Let f be ((-18)/27)/(2/(-9)). Suppose 5*v - 4*j - 105 = -f*j, 60 = 2*v - 4*j. Let q be 88/v - 2/5. What is the highest common factor of q and 12?
4
Let u be -1*((-14)/2 - 2). Let f(h) = -h**2 + 8*h + 13. Let d be f(u). What is the greatest common divisor of 36 and d?
4
Let n be (5/2)/(8/16). Suppose n*f - 11 - 14 = 0. Suppose 0 = -3*x - 5*l + 109 + 6, -x - f*l = -55. Calculate the highest common divisor of x and 75.
15
Let f = -32 + 59. Let v = 59 - 41. Calculate the greatest common factor of f and v.
9
Let s be 0/(-1) + -2 + 3. Suppose 0 = 3*b - 5 - 19. Calculate the highest common factor of s and b.
1
Suppose 5*o - 31 + 1 = 0. Let l = -2 + o. Suppose 2*z - 3*z = 5*q + 12, 2*z = -l*q. What is the highest common factor of 64 and z?
8
